 3). Let d be (1 + h)/((-4)/(-44)). Calculate the highest common factor of 121 and d.
11
Suppose 6*h - 57 = 33. Calculate the highest common divisor of h and 165.
15
Let v be 53/2 - 3/(-6). Suppose 0*i - 4 = -2*i. Let z be (-1)/i + (-14)/(-4). Calculate the highest common divisor of v and z.
3
Let z be 28*1 - (-3 + 4). Let x = z + -14. What is the highest common factor of 91 and x?
13
Let s(g) = -9*g - 15. Let q be s(-13). What is the highest common divisor of 34 and q?
34
Suppose 0 = 5*k + 3 - 8. What is the greatest common divisor of k and 11?
1
Suppose 10 = p + p. Suppose 3*u - 5*k = 31, 4*k + 17 + 13 = p*u. Let t be (u/(-4))/((-1)/42). What is the highest common divisor of t and 14?
7
Suppose 4*b - 3*b = 0. Let o(r) = 9 + 0*r**2 - r - 3*r**2 + 4*r**2. Let d be o(b). What is the highest common divisor of 1 and d?
1
Let g = -14 - -80. What is the highest common divisor of 22 and g?
22
Let d(y) = 8*y. Let o be d(6). Suppose m + 3*s - 6 + 0 = 0, s + o = 3*m. Let x = m - 5. Calculate the greatest common divisor of x and 80.
10
Let k be -1*47*(-13 + 2 + 0). Calculate the greatest common factor of k and 47.
47
Let v(t) = -t**2 - 2*t + 14. Let i be v(0). What is the greatest common divisor of 7 and i?
7
Suppose 4*u - 69 = 15. Suppose 4*n = 38 + 34. Let j = 32 - n. Calculate the highest common factor of j and u.
7
Suppose 0 = 4*g + g - 600. Calculate the greatest common divisor of g and 15.
15
Suppose 18*u + 48 = 15*u. Let z = -10 - u. Calculate the greatest common factor of 4 and z.
2
Let f be ((-2)/1)/((-6)/75). Suppose 6*w = w - f. Let z be w/((-5)/(-2)) + 8. Calculate the greatest common factor of 54 and z.
6
Let s be (-65)/2*(4 - 6). Suppose 0 = 7*d - 2*d - s. Calculate the highest common factor of 65 and d.
13
Suppose 24*i - 23*i - 21 = 0. Calculate the greatest common factor of i and 3.
3
Let p be 6/3 - (-17 + 1). Let s be (-81)/(-3) + (2 - 2). What is the highest common factor of p and s?
9
Let g(c) = c**3 + 7*c**2 + 7*c + 4. Suppose 25 = -5*w + 5. Let d be g(w). Calculate the greatest common factor of 16 and d.
8
Suppose l = -l + 14. Calculate the highest common divisor of 7 and l.
7
Let w = 19 + -15. Calculate the greatest common factor of w and 20.
4
Let h(f) = f**3 + 8*f**2 - 3*f. Let y be h(-6). What is the greatest common divisor of 18 and y?
18
Let s = -21 + 33. Let f = -248 - -356. Calculate the highest common factor of f and s.
12
Suppose 279 = -5*a + y, -2*a - a = -y + 167. Let b be (1/2)/((-2)/a). Calculate the greatest common divisor of b and 28.
14
Suppose 28*o - 85 = 23*o. Calculate the greatest common divisor of 153 and o.
17
Let f(m) be the first derivative of 6*m**2 - 12*m - 1. Let q be f(9). Calculate the greatest common factor of 12 and q.
12
Let l(x) = -x**2 - 2*x + 1. Let p be l(-4). Let n(b) = -3*b + 1. Let z be n(p). Calculate the highest common divisor of z and 242.
22
Suppose -k + 34 = -12. Calculate the greatest common divisor of 115 and k.
23
Suppose 7*l - 4*n = 3*l, 3*l - 5*n = 0. Suppose -3*d - 2*t + 14 = 0, l = 4*t - 4 - 0. Calculate the highest common factor of d and 4.
4
Suppose 0*p + 2*p + a = 3, 0 = 3*p + 5*a - 15. Let g(b) = -b + 265. Let k be g(p). Suppose 4*n + 69 - k = 0. Calculate the greatest common factor of n and 7.
7
Suppose v = -a - 0*v + 96, -5*v - 213 = -2*a. Calculate the highest common factor of a and 66.
33
Let q(b) = 19*b**2 + 4. Let a be q(-3). Calculate the greatest common factor of 35 and a.
35
Let n(r) = 2*r + 3*r - 6*r + 4. Let k be n(2). Suppose 4*f - 308 = -2*g, 3*g - k*f - 17 - 405 = 0. What is the greatest common factor of 16 and g?
16
Let f = -21 + 35. Let v be (-2)/(-4) - (-5)/((-50)/(-1395)). What is the greatest common divisor of v and f?
14
Let v(g) = -g**2 + 17*g - 3. Let c be v(16). Calculate the greatest common factor of c and 13.
13
Let m = -10 - -8. Let u be (-516)/(-24) - 1/m. What is the greatest common factor of 22 and u?
22
Let m be 44/2 + -2 + -4 + 6. What is the greatest common factor of 220 and m?
22
Let l = 66 + -16. Calculate the greatest common divisor of l and 5.
5
Let c be (-2)/(-3)*(-195)/(-2). Calculate the greatest common divisor of 13 and c.
13
Suppose -39 = -5*d + 76. Calculate the highest common factor of d and 184.
23
Let c be (-2 - 10/(-4))*42. Suppose 4*k = -5*t + 924, 4*k - 4*t - 924 = t. What is the greatest common factor of c and k?
21
Let k be 4/(-1 - -3) + 10. Let g = 164 - 140. Calculate the greatest common divisor of k and g.
12
Suppose 0 = -0*h + 5*h - 20, -3*p = h - 10. Let j be (p/3)/((-4)/(-72)). What is the greatest common factor of 6 and j?
6
Suppose 297 + 551 = -2*p. Let d = p + 1204. Suppose -d = -5*t - 5*s, 3*t - 711 = -4*s - 248. Calculate the highest common factor of t and 23.
23
Suppose 5*f = -5*i - 0*f + 1240, -5*f = -25. What is the highest common factor of 27 and i?
27
Let o(g) = g - 2. Let s be o(1). Let f be ((-11)/(-44))/(s/(-8)). Calculate the highest common factor of f and 22.
2
Suppose i + 2*i - 21 = 0. Let s be 2/6 - (-564)/9. Calculate the greatest common divisor of i and s.
7
Let q(l) = l**2 - 7*l - 10. Let h = -3 - -4. Let s(x) = -x + 1. Let n(a) = h*q(a) + s(a). Let k be n(11). What is the greatest common divisor of k and 12?
12
Let x(b) = -b + 10. Let r be x(5). Let j be (-10)/(-25) - (-18)/5. Suppose -2 + 10 = j*o, -r*o - 22 = -2*z. What is the highest common factor of 32 and z?
16
Let n(l) = -l**2 - 6*l + 10. Let z be n(-7). Let c be -3*(-26 - 1 - z). Calculate the highest common divisor of c and 18.
18
Suppose 0 = x - 5*r - 0*r - 6, 0 = x + 4*r - 15. Let k(q) = q**3 - 12*q**2 + 13*q - 16. Let c be k(x). Calculate the greatest common divisor of c and 3.
3
Suppose c = -b - 2*b - 7, -10 = -2*c + 2*b. Let d be (-1 + -1)*(-34 - -27). Calculate the greatest common divisor of c and d.
2
Suppose -4*f = 5*k - 312, 117 = 2*k - 3*f + 2*f. Calculate the greatest common factor of 40 and k.
20
Suppose q - 19 = -1. Let t = -6 + 20. Let f = -8 + t. Calculate the greatest common factor of f and q.
6
Let t be (-1 - 2 - -6) + 2. Suppose -5 = -l - 2*l + 2*r, 3*l - 20 = -r. Calculate the greatest common factor of t and l.
5
Suppose 5*a - 2*m = 199, 2*a + 2*m - 74 = -0. Calculate the greatest common divisor of 26 and a.
13
Let l(u) = u**3 - 8*u**2 + 6*u + 5. Let m be l(7). Let o be (3/m)/(3/(-22)). What is the greatest common divisor of o and 1?
1
Let n(f) = -f**3 + 8*f**2 - 5*f - 9. Let o be n(7). Suppose -o*k = 3*l - 5*l + 24, -3*k - 2 = 5*l. Let j = 1 + 1. What is the greatest common factor of j and l?
2
Let b = -273 + 193. Let d be 0 - -2 - (1 + b). What is the greatest common divisor of 27 and d?
27
Suppose q = -3*q + 48. Let w be -2 - (q*-2)/2. What is the highest common divisor of w and 4?
2
Let j(r) = -r + 6. Let b be j(9). Let z(s) = -47*s + 2. Let k be z(b). What is the highest common factor of 13 and k?
13
Let f be (6 + 0)/2 + 4. What is the greatest common factor of 28 and f?
7
Suppose -g - 4 = -3*g. Suppose 111 + 43 = g*b. What is the greatest common factor of b and 11?
11
Suppose 2*w - 2*t + 4*t - 172 = 0, 0 = -3*w + 4*t + 286. What is the highest common divisor of 10 and w?
10
Let o be (-5 + 50)/(2/10). Calculate the highest common factor of o and 25.
25
Suppose -574 + 94 = -4*k. Calculate the highest common divisor of k and 48.
24
Let z be 2 - 3/2*-6. Calculate the highest common factor of z and 11.
11
Suppose 0 = 4*y - 161 - 199. Let k = 19 + -1. Calculate the highest common divisor of k and y.
18
Let o = -11 - -16. Let v = 6 + -2. Suppose -v*w + 37 = -63. Calculate the highest common divisor of w and o.
5
Suppose 0 = 5*j + 3*g - 9 + 33, 21 = -2*j - 5*g. Let w = 5 - j. Calculate the greatest common divisor of w and 1.
1
Let z be (-8)/(-3)*180/24. What is the greatest common factor of 4 and z?
4
Suppose -4*v + 335 = -5*a, 2*v + 2*a - 234 = -v. Calculate the highest common divisor of 32 and v.
16
Let u = 236 + -164. What is the greatest common factor of 18 and u?
18
Let z = -131 - -408. Let y = z + -142. What is the highest common divisor of 15 and y?
15
Suppose -p = 3*p - 4. Suppose 0 = 2*m - 11 - p. Calculate the highest common divisor of m and 15.
3
Let y be 92/(-4)*(-1)/1. What is the greatest common divisor of y and 69?
23
Let x be 2 - (-2 - -1 - 1). Calculate the greatest common factor of 16 and x.
4
Let f be ((